?
True
Is 19 a factor of 1058252?
False
Does 90 divide 1325139?
False
Is 19 a factor of 56251?
False
Does 10 divide 2683546?
False
Does 5 divide 68810?
True
Is 10 a factor of 4447000?
True
Is 124 a factor of 235724?
True
Does 533 divide 329927?
True
Is 1605798 a multiple of 454?
True
Is 37 a factor of 9620?
True
Does 17 divide 110586?
False
Is 33383146 a multiple of 1202?
True
Is 233440 a multiple of 10?
True
Is 5127423 a multiple of 16?
False
Is 4 a factor of 2052718?
False
Does 8 divide 10541185?
False
Does 3 divide 39554?
False
Does 36 divide 40428?
True
Is 763056 a multiple of 126?
True
Is 10127 a multiple of 7?
False
Is 768054 a multiple of 14?
True
Is 1168 a factor of 5570527?
False
Is 23 a factor of 357581?
True
Is 6656689 a multiple of 377?
True
Does 46 divide 122559?
False
Is 3550064 a multiple of 5?
False
Does 3 divide 203086?
False
Is 17 a factor of 2139842?
False
Is 4 a factor of 707040?
True
Is 772 a factor of 10430492?
True
Is 91012 a multiple of 61?
True
Does 389 divide 270325?
False
Does 9 divide 4863?
False
Is 486343 a multiple of 143?
True
Is 235 a factor of 3487726?
False
Does 233 divide 2511740?
True
Is 45 a factor of 152145?
True
Does 57 divide 251997?
True
Does 69 divide 2881577?
False
Is 141 a factor of 22983?
True
Is 2 a factor of 29830?
True
Is 143 a factor of 771628?
True
Does 5 divide 314835?
True
Does 79 divide 712762?
False
Does 18 divide 533664?
True
Is 27252 a multiple of 65?
False
Is 11 a factor of 15059?
True
Is 37 a factor of 52170?
True
Is 1219526 a multiple of 165?
False
Is 63210 a multiple of 10?
True
Is 1388 a factor of 17892800?
False
Is 7884448 a multiple of 208?
True
Is 1562875 a multiple of 6?
False
Is 647206 a multiple of 14?
True
Does 8 divide 2510048?
True
Is 2356909 a multiple of 16?
False
Does 447 divide 10474998?
True
Is 146 a factor of 83074?
True
Is 310 a factor of 47600?
False
Is 32 a factor of 776697?
False
Does 371 divide 514948?
True
Does 153 divide 1394442?
True
Is 40 a factor of 101880?
True
Does 27 divide 109675?
False
Does 52 divide 277055?
False
Is 34 a factor of 914020?
False
Is 4545168 a multiple of 92?
True
Does 47 divide 2068235?
True
Does 5 divide 28725?
True
Is 66211 a multiple of 17?
False
Does 31 divide 424947?
False
Is 180481 a multiple of 437?
True
Is 412 a factor of 975204?
True
Does 5 divide 2747563?
False
Is 53127 a multiple of 55?
False
Is 5593949 a multiple of 727?
False
Is 36 a factor of 474017?
False
Does 27 divide 289683?
True
Does 142 divide 58220?
True
Does 242 divide 1290344?
True
Is 5 a factor of 2190030?
True
Does 21 divide 35350?
False
Does 10 divide 25290?
True
Is 105610 a multiple of 56?
False
Is 15 a factor of 699090?
True
Does 311 divide 6484281?
False
Is 447 a factor of 1301664?
True
Is 57 a factor of 896789?
False
Is 11 a factor of 29143?
False
Is 7828005 a multiple of 88?
False
Is 32 a factor of 1668640?
True
Is 306240 a multiple of 580?
True
Is 45477 a multiple of 347?
False
Does 11 divide 4779953?
False
Is 247 a factor of 409141?
False
Is 353 a factor of 2935941?
False
Does 30 divide 1505520?
True
Does 50 divide 133500?
True
Is 35963 a multiple of 31?
False
Does 14 divide 97440?
True
Is 3904810 a multiple of 31?
False
Is 65430 a multiple of 30?
True
Does 111 divide 1006395?
False
Is 122 a factor of 1926459?
False
Is 482 a factor of 594237?
False
Does 37 divide 831340?
False
Does 24 divide 66000?
True
Is 2250600 a multiple of 465?
True
Is 238 a factor of 19040?
True
Is 357 a factor of 460454?
False
Is 47 a factor of 1273934?
False
Does 6 divide 224610?
True
Is 69876 a multiple of 15?
False
Is 72 a factor of 8329964?
False
Is 4784 a multiple of 13?
True
Does 86 divide 765822?
False
Does 35 divide 301855?
False
Does 108 divide 375912?
False
Is 57330 a multiple of 234?
True
Does 43 divide 744674?
True
Is 892 a factor of 4094280?
True
Is 1539993 a multiple of 91?
True
Is 3364935 a multiple of 439?
True
Does 144 divide 422496?
True
Is 74550 a multiple of 175?
True
Does 360 divide 83880?
True
Does 298 divide 696426?
True
Is 5 a factor of 227752?
False
Is 70599 a multiple of 101?
True
Is 593 a factor of 200062?
False
Is 28 a factor of 103434?
False
Is 469569 a multiple of 28?
False
Does 12 divide 1129623?
False
Does 4 divide 95041?
False
Does 9 divide 5625243?
True
Is 44996 a multiple of 28?
True
Does 170 divide 257383?
False
Is 880200 a multiple of 7?
False
Is 717 a factor of 4177271?
False
Does 36 divide 781448?
False
Does 32 divide 1411488?
True
Is 1626894 a multiple of 213?
True
Is 1923992 a multiple of 119?
True
Does 37 divide 834683?
True
Does 752 divide 4671781?
False
Is 32 a factor of 640800?
True
Is 60 a factor of 261420?
True
Is 22 a factor of 2190535?
False
Does 1646 divide 16123636?
False
Is 3847900 even?
True
Is 17 a factor of 1110729?
True
Is 504073 a multiple of 135?
False
Is 345578 a multiple of 218?
False
Is 8 a factor of 3647528?
True
Is 718352 a multiple of 19?
True
Is 66 a factor of 169290?
True
Does 14 divide 2499448?
True
Is 109042 a multiple of 35?
False
Is 513816 a multiple of 237?
True
Is 100919 a multiple of 92?
False
Is 518656 a multiple of 16?
True
Is 2529320 a multiple of 370?
True
Does 20 divide 432720?
True
Is 33 a factor of 430320?
True
Does 2 divide 43136?
True
Is 6153252 a multiple of 124?
True
Is 21 a factor of 1070748?
True
Is 921128 a multiple of 136?
True
Does 27 divide 242989?
False
Is 11 a factor of 523539?
False
Is 238516 a multiple of 120?
False
Does 12 divide 228842?
False
Is 2164131 a multiple of 42?
False
Is 507 a factor of 35312?
False
Does 54 divide 1820772?
True
Is 151 a factor of 679953?
True
Is 97 a factor of 78473?
True
Does 28 divide 1252356?
True
Does 26 divide 3382833?
False
Is 260972 a multiple of 63?
False
Is 6761 a multiple of 27?
False
Is 95680 a multiple of 368?
True
Is 291 a factor of 523509?
True
Is 34 a factor of 2005660?
True
Does 88 divide 2861857?
False
Is 10 a factor of 1488010?
True
Does 345 divide 1856900?
False
Is 7 a factor of 246400?
True
Is 56 a factor of 341040?
True
Is 133 a factor of 2070012?
True
Is 66591 a multiple of 63?
True
Is 513346 a multiple of 1153?
False
Is 1907502 a multiple of 6?
True
Is 3255061 a multiple of 19?
True
Is 442076 a multiple of 187?
False
Is 78613 a multiple of 30?
False
Is 21 a factor of 48364?
False
Is 13 a factor of 1260376?
True
Does 65 divide 209690?
True
Is 459 a factor of 3254562?
False
Does 129 divide 207948?
True
Is 57 a factor of 616278?
False
Is 167 a factor of 173898?
False
Is 303621 a multiple of 77?
False
Is 21 a factor of 28581?
True
Is 10 a factor of 8881050?
True
Is 40822 a multiple of 419?
False
Is 23 a factor of 17905012?
False
Does 61 divide 348066?
True
Does 37 divide 160782?
False
Does 81 divide 79137?
True
Does 386 divide 19222925?
False
Is 221533 a multiple of 28?
False
Does 248 divide 986296?
True
Is 7 a factor of 3103343?
False
Is 4970 a multiple of 10?
True
Is 213 a factor of 1734885?
True
Does 51 divide 366344?
False
Does 4 divide 11679?
False
Is 21270 a multiple of 60?
False
Is 4193 a multiple of 41?
False
Is 361150 a multiple of 25?
True
Does 50 divide 259654?
False
Is 1779281 a multiple of 236?
False
Is 419 a factor of 213344?
False
Is 276059 a multiple of 60?
False
Is 131412 a multiple of 188?
True
Is 251168 a multiple of 8?
True
Is 460131 a multiple of 171?
False
Does 5 divide 43963?
False
Is 26436 a multiple of 4?
True
Does 165 divide 3326?
False
Is 1747889 a multiple of 13?
True
Is 28 a factor of 679539?
False
Does 26 divide 751166?
True
Does 10 divide 69955?
False
Is 9251 a multiple of 2?
False
Is 967132 a multiple of 17?
False
Does 21 divide 7803747?
True
Is 2623680 a multiple of 320?
True
Does 393 divide 68775?
True
Is 7241416 a multiple of 377?
True
Is 22 a factor of 3792590?
False
Is 12 a factor of 1028784?
True
Is 623264 a multiple of 3?
False
Is 91630 a multiple of 22?
True
Is 72 a factor of 371520?
True
Is 1363 a factor of 1624788?
False
Does 409 divide 16360?
True
Is 1627608 a multiple of 4?
True
Does 3 divide 1039481?
False
Is 4404973 a multiple of 36?
False
Is 188583 a multiple of 7?
False
Does 158 divide 10909742?
True
Is 26 a factor of 98088?
False
Is 119 a factor of 43911?
True
Is 171 a factor of 2180617?
False
Is 225 a factor of 13739192?
False
Does 102 divide 2220240?
False
Does 13 divide 303320?
False
Is 5